f - -51. Let s(d) = 15*d**3 + 2*d + 1. Determine s(j).
-16
Let u(f) = -31*f**2 - 32*f**2 - 2 - 25*f**2 - 29*f**2 + 121*f**2 + 3*f. Give u(1).
5
Let q = 74 - 69. Suppose -2*h = -5*h - 21. Let y(m) = m**2 - 8*m + 7. Let a(x) = 2*x**2 - 16*x + 14. Let n(d) = h*y(d) + 4*a(d). Calculate n(q).
-8
Suppose -3*n = 2*y - 10, 0 = -28*n + 32*n + y - 20. Let j(v) = -v**2 + 6*v - 1. What is j(n)?
-1
Let g = -187 + 191. Let m(c) be the second derivative of 0 + 7/12*c**g - 4*c - 1/2*c**2 + 1/6*c**3. Calculate m(1).
7
Let r(o) = o**2 - 8*o + 1. Suppose -3*l = l - 208. Suppose -5*i - 80 = -21*i. Suppose -2*d + 2*s = -14, -i*d - 11 = s - l. Calculate r(d).
1
Let b(k) = 63*k - k**2 + 14 - k - 67*k. What is b(-6)?
8
Let i(m) be the first derivative of -3*m**4 - m**2/2 - 86. Suppose -5*u = -5*a + 3*a + 24, 5*a + 3*u + 2 = 0. Let d be 2 + -1 + -2 + a. Calculate i(d).
-13
Let k(f) = f**3 + f**2 + f + 1. Let p(v) = -v**2 + 99*v + 201. Let x be p(-2). What is k(x)?
0
Suppose s + 5 = 5*j + 5*s, 0 = -3*s. Let u(q) = 7 + 74*q**2 - 75*q**2 + 2*q - j. Let o be -1 + -3 + 0/(-4). Determine u(o).
-18
Let c(i) be the second derivative of i**3 - i**2/2 - 15*i. Let a(r) = 2*r**2 + 22*r + 54. Let x be a(-7). Give c(x).
-13
Let y(p) = -5*p - 74. Let x(r) = 2*r + 27. Let n(j) = 8*x(j) + 3*y(j). Determine n(-13).
-19
Let u(a) = -2*a + 5. Let m(r) = r - 1. Let h(n) = 5*m(n) + u(n). Suppose 0 = 3*b + 9, -4*b = -2*s + 4*s - 208. Suppose s*q - 109*q + 5 = 0. Calculate h(q).
-15
Suppose 16*t - 11*t - 240 = 0. Let z(o) = 22*o + 27*o - 8 - t*o. What is z(0)?
-8
Suppose 2*s = -2*s, -3*u + 3*s + 3 = 0. Let a(q) = -q + 1 + 1 + 0*q + u. What is a(-6)?
9
Suppose -3*w + b = -7, 0 = -w - b + 5*b + 6. Let v(x) = w*x - 13*x + 7*x. Suppose -10 = -5*d, 4*h = 8*h + 5*d - 14. What is v(h)?
-4
Let q(m) be the first derivative of m**2/2 + m - 34. Give q(7).
8
Let g(h) be the first derivative of h**3/3 + 3*h - 2. Let j(z) = -z + 3. Let a be j(-3). Suppose 0 = r - 0*r - 3*o + a, r - 4*o + 7 = 0. Determine g(r).
12
Let x(g) = 2*g - 7. Let v(k) be the second derivative of -2*k**3/3 + 13*k**2/2 - k - 28. Let l(t) = 4*v(t) + 7*x(t). Calculate l(2).
-1
Let t = -556 - -546. Let p(w) = 2*w**2 + 21*w + 12. Determine p(t).
2
Let l(a) = 3*a**2 + 4*a + 8. Let s(k) = 7*k**2 + 8*k + 17. Let t(c) = 9*l(c) - 4*s(c). Let g = -116 - -126. Let p(v) = -v + 16. Let o be p(g). Give t(o).
-8
Let q(g) = g - 4. Suppose -2*m - m + 555 = 0. Suppose 45 = 4*t + m. Let l be 58/10 - 7/t. Give q(l).
2
Let o(w) be the second derivative of w**3/3 + w**2/2 - w. Suppose 8*a = 4*a + 5*s - 56, 0 = -s. Let n = -13 - a. Determine o(n).
3
Let b(g) = g**2 - 21*g + 5. Let y be b(21). Let r(k) = -k**3 + 5*k**2 - k - 7. Calculate r(y).
-12
Let b(j) = -2*j. Let i(o) = o**2 - 1. Let k be i(-2). Suppose 4*p - 20 = -2*d - 0, 3*p - k*d - 6 = 0. Suppose -2*h = -p*c, -h - 5*c = 2*h - 11. Give b(h).
-4
Suppose 0 = 3*r + 23 + 4. Let h be (-3)/r + 40/6. Let x(y) = -y**2 + 7*y + 7. Determine x(h).
7
Let l(a) = -2*a + 4. Let y(m) = 19*m - 31. Let w(r) = -6*l(r) - y(r). Calculate w(3).
-14
Let v(j) = 0*j + 0*j - j. Let d(g) = 3*g - 9. Let p be d(4). Suppose -11 = p*l + 4. Calculate v(l).
5
Let f = -52 - -63. Suppose -4*w - f*w + 75 = 0. Let j(y) = y**2 + 2*y**2 - 5*y + 6 + 3*y**2 - y**3. Determine j(w).
6
Let b(k) = k**2 + 8*k + 2. Let u be b(-8). Let v(s) = -4*s - 2 + 3*s - 73*s**u + 74*s**2. Determine v(2).
0
Suppose 4*f + 2*i - 8 = 0, 16*f - 20*f + i - 4 = 0. Let w(c) = -2*c + 8. Give w(f).
8
Let d(l) = -l**2 - 6*l - 3. Let m(f) = -7*f - 4 - 17*f**2 + 5*f**2 + 11*f**2. Let u(y) = 2*d(y) - 3*m(y). Give u(-6).
-12
Let d(c) be the third derivative of 4*c**2 + 0*c - 1/6*c**3 - 23/24*c**4 + 0. Calculate d(-1).
22
Suppose 7 = s - 1. Suppose s = 2*n - 2, 4*i + 2*n - 6 = 0. Let p(u) be the first derivative of 2*u**3 + u**2/2 + u - 1. Determine p(i).
6
Let y(i) be the first derivative of 0*i + 1/2*i**2 - i**3 - 34. Calculate y(1).
-2
Suppose -r - 2*a = 3, 18*r - 19*r - 7 = -2*a. Let h(s) = -4*s - 13. Calculate h(r).
7
Let n(y) be the first derivative of y**5/20 - y**4/4 - y**3/3 + 2*y**2 + 7*y + 3. Let t(s) be the first derivative of n(s). Calculate t(3).
-2
Let k = -15 - -16. Suppose -10*x + 9*x = -k. Let w(u) = -6*u + 1. Determine w(x).
-5
Let a(h) = -h**3 + 2*h**2 - h + 11. Suppose 5 = -32*n + 27*n, 5*n + 2 = -o. What is a(o)?
-1
Let p(h) be the second derivative of h**4/6 - h**3/3 - h**2/2 - 17*h. Give p(3).
11
Let f be (-2)/(-3)*(4 + -1). Let r(l) = -2*l + 5*l - f*l - 2*l - 6. Let d be (1/(2 + -1))/(1/(-4)). Calculate r(d).
-2
Let l(a) = -3*a. Let c(j) = -2*j**2 + 16*j + 14. Let w be c(9). Let u(z) = -z. Let t(i) = w*u(i) + l(i). Give t(6).
6
Let t(z) be the first derivative of 1 + 1/360*z**6 + 0*z - 2/3*z**3 + 1/40*z**5 + 0*z**2 - 1/12*z**4. Let o(r) be the third derivative of t(r). What is o(-4)?
2
Let k = -56 - -60. Let u(d) = -12*d + 5 - k + 10*d. Give u(5).
-9
Suppose 5*b = 5 + 40. Let c(p) = b*p - 23*p - p + 3*p. What is c(-2)?
24
Let d(o) = -15*o. Let s(k) = 3*k. Let h(y) = 2*d(y) + 11*s(y). Suppose -36*n = -73 - 107. Calculate h(n).
15
Let x be (-10)/35 + 48/21. Let d(t) = 3 - 7*t - 5 - t**x - 4 - 1. Let r(j) = -j - 12. Let u be r(-6). What is d(u)?
-1
Let h(w) be the first derivative of -20 + 1/4*w**4 - 4/3*w**3 - 1/2*w**2 - 5*w. Determine h(5).
15
Let l(s) = -s**3 - 7*s**2 + 7*s - 4. Let t(k) = 6 + 2 + k**3 + 0 - 7*k - 5 + 7*k**2. Let o(r) = 6*l(r) + 5*t(r). What is o(-8)?
-1
Let f(h) be the second derivative of 2*h**3/3 - h**2/2 - 9*h - 24. Let s(z) = z**3 + 2*z**2 - 3*z - 2. Let g be s(-3). What is f(g)?
-9
Let m(i) = i**3 + i**2 - i - 1. Let j(z) = -3*z**3 - 2*z**2 + 7*z + 5. Let f(q) = j(q) + 4*m(q). Suppose 229*v + 52 = 203*v. What is f(v)?
-5
Let m(a) = 2*a**2. Let u(h) = h**2. Let t(y) = -6*m(y) + 11*u(y). Suppose 0 = -r - 4*r. Suppose r = -c + 6*c. What is t(c)?
0
Let n = 32 - 29. Suppose -n*g = -25 + 4. Let v(k) = -k + 4. Give v(g).
-3
Let d(c) be the third derivative of 0*c + 0*c**4 + 0*c**3 - 1/12*c**5 + 0 + 8*c**2. Suppose -4*m - 4 + 0 = 0. What is d(m)?
-5
Let u(j) = -10*j**2 - j + 2*j**3 - j**3 - 15*j**2 + 12*j**2 - 6*j**2 + 22. Give u(19).
3
Let i(h) = h**2 + 3*h + 3. Let z(n) be the third derivative of -n**5/15 - n**4/12 - n**3/6 + 23*n**2. Let d be z(-1). What is i(d)?
3
Let d(c) = 6*c**3 + 3*c**2 + 6*c - 21. Let z(f) = -7*f**3 - 3*f**2 - 7*f + 27. Let s(k) = 5*d(k) + 4*z(k). Let g be 4/(-3)*3/2. What is s(g)?
-5
Let d(l) = -4*l + 2*l**2 + 1 - 6*l**2 + 5*l**2 + 7*l. Suppose 6*w + 2 = 7*w. Suppose 0 = -w*q - q - 15. Give d(q).
11
Let v(g) be the second derivative of -g**5/20 + 5*g**4/12 - 5*g**3/6 + 2*g**2 + 141*g. Calculate v(3).
7
Let h = 601 - 602. Let w(i) = -8*i**2 - 3*i - 1. Calculate w(h).
-6
Let p(y) = 3. Let b(r) = -7*r - 9. Let k(o) = b(o) + 2*p(o). Calculate k(-1).
4
Let s(d) = 6*d + 8*d + 4*d - 16*d - 7. Determine s(9).
11
Let c(s) be the third derivative of s**6/120 + 3*s**5/20 + s**4/6 - 2*s**3/3 - 104*s**2. What is c(-8)?
28
Let g(r) = r**3 - 9*r**2 + 2*r - 9. Suppose -1172*p + 27 = -1169*p. Give g(p).
9
Let h(y) = y**2 + 13*y + 11. Suppose -2*d - i - 25 = 0, -19*i = 3*d - 14*i + 41. What is h(d)?
-1
Let b(z) be the second derivative of z**4/12 - z**3/2 - 3*z**2 - 163*z + 3. Suppose -2*f - 2*f + 24 = 0. What is b(f)?
12
Let u(w) = w**2 + 2*w - 2. Let q(c) = -4*c**2 + 0*c**2 + c**2 - 4*c + 3. Let p(a) = -3*q(a) - 5*u(a). Suppose 3 = -2*m - m. Determine p(m).
3
Let d = 27 + -24. Suppose 3*m + 6 = -2*i, -6 = 3*i - 2*m + d. Let y(u) = -u**2 - u. What is y(i)?
-6
Let q(c) = 3*c**3 + 812*c**2 - 2*c - 813*c**2 - 3 + 5*c. Calculate q(2).
23
Let k(c) be the second derivative of c**5/20 - c**4/2 + 5*c**3/6 + 7*c**2/2 - c. Suppose 2*p - 6 = -4*g, 5*p - 23 = -19*g + 17*g. What is k(p)?
7
Let l(m) = -2 + m + 1 - 2*m. Suppose -2*s + 80 = 3*s. Suppose 4*n = k - s, 0 = 3*n - 5*k - 5. Calculate l(n).
4
Let t(u) = 7*u - 7. Let s(v) = -9*v + 7. Let k(m) = 3*s(m) + 4*t(m). Let q be k(10). Let y(h) = h**2 - 4*h + 3. Calculate y(q).
0
Let g(d) = -d + 3. Suppose -11 = b + 3*l, l - 14 = 2*b + 3*l. Let f be g(b). Let a(z) = -z**3 + 9*z**2 - 9*z + 10. Calculate a(f).
2
Let k(j) be the first derivative of 5*j**4 + 20*j**3/3 + 3*j**2 + 8*j + 1. Let q(m) = 7*m**3 + 7*m**2 + 2*m + 3. Let v(x) = -6*k(x) + 17*q(x). Determine v(2).
-13
Let p = 26 - 24